factors of t.
83
Suppose i + 0*x = -3*x - 936, 4*i - x + 3692 = 0. Let w = 1506 + i. List the prime factors of w.
2, 3, 97
Let z(t) = -8*t - 5. Let n be z(-1). Suppose 0 = -n*q + 74 - 62. Suppose -r = -2*p - 20, 3*r = 2*r + q*p + 22. List the prime factors of r.
2, 3
Let t = 18057 + -9463. List the prime factors of t.
2, 4297
Suppose 37 = -3*y - 23. Let t = -102 - y. Let u = 154 + t. What are the prime factors of u?
2, 3
Let b be (540/25)/((-3)/(-10)). Let d = 56 + b. Suppose 0 = 2*v - d - 212. What are the prime factors of v?
2, 5, 17
Let d(c) = c**3 - 77*c**2 + 94*c - 135. List the prime factors of d(76).
3, 137
Let y = 8564 - -2787. What are the prime factors of y?
11351
Suppose y = 48 - 51, 3*y = 4*i - 25509. List the prime factors of i.
3, 5, 17
Let c(k) = -685*k - 59. What are the prime factors of c(-1)?
2, 313
Let n(p) = -p**3 + 11*p**2 - 11*p - 2. Let b be n(11). Let k = b - -577. What are the prime factors of k?
2, 227
Let v be (-5534)/(-8) - (-11)/44. Suppose -5*x + 2*u + v = 0, 4*x + 6*u - 580 = u. Suppose 0 = -50*b + 52*b - x. List the prime factors of b.
2, 5, 7
Let g(m) = -2080*m - 877. List the prime factors of g(-5).
89, 107
Let z = 21957 - 5572. List the prime factors of z.
5, 29, 113
List the prime factors of ((-2046)/4)/(41 - (-69560)/(-1696)).
2, 11, 31, 53
Let d be (31 - 28)/(6/(-320)). Let n = 302 + d. What are the prime factors of n?
2, 71
Suppose 13*a + 26 = -0*a. What are the prime factors of (-30 - -34) + 0 + (a - -765)?
13, 59
What are the prime factors of 2*((-3)/(-2) - 3) - -11153?
2, 5, 223
Let q(f) = 5*f + 17. Let l(m) = -5*m**2 + 5*m + 71. Let p(s) = s**2 - s - 14. Let r(x) = 2*l(x) + 11*p(x). Let o be r(-4). What are the prime factors of q(o)?
3, 19
Let c(b) = 2409*b**2 - 3*b + 3. Let y be c(-2). Suppose -71*d + y = -66*d. What are the prime factors of d?
3, 643
Suppose 2*m + 6*w - 37718 = 0, -2*m - 5*w + 10276 + 27442 = 0. What are the prime factors of m?
18859
Let q = 450 - -270. Suppose 6*v - v - q = 0. Suppose 4*r - v = 4*l, 4*r + l = 2*r + 81. What are the prime factors of r?
3, 13
Let h be (45/(-6))/((-21)/(-1148)). Let k = h - -592. List the prime factors of k.
2, 7, 13
Suppose -12*z + 347672 = -2*z + 4*q, -z + 34798 = -4*q. List the prime factors of z.
2, 3, 5, 19, 61
Let s(j) = -76*j - 4. Let l be s(1). Let p = l - -100. List the prime factors of 7796/30 + p/150.
2, 5, 13
Suppose 0 = -2*u + 2*v + 144964, -3*u + 169969 = 5*v - 47501. What are the prime factors of u?
5, 7, 19, 109
Let i = -27192 + 28114. What are the prime factors of i?
2, 461
Let b = 4451 - 2622. What are the prime factors of b?
31, 59
Let i = -524 + 529. Suppose -1849 = -4*g + i*z, 0*g - 1353 = -3*g - 3*z. What are the prime factors of g?
2, 3, 19
Suppose z + 258491 = 8*z + 60181. List the prime factors of z.
2, 5, 2833
Suppose 4*i + 3319 = 3*v, v - 61*i - 1107 = -60*i. Let c = -585 + v. List the prime factors of c.
2, 131
Let y(o) = -699*o + 806. List the prime factors of y(-14).
2, 331
Suppose 2 = -p - x + 5*x, -3*x - 1 = -p. Suppose -871 = -2*v + 5*y, -p*v + 6*v + 5*y = -1727. List the prime factors of v.
2, 107
Let d(o) = -o**3 - 59*o**2 - 167*o + 155. Let m be d(-56). Let q = 3 - 2. Let n = q + m. What are the prime factors of n?
2, 5
Let a(w) = w**3 + 2*w**2 + w. Let v be a(-2). Let u be (120/(-36))/(v/3). Suppose u*o - o = 384. List the prime factors of o.
2, 3
Let m(y) = 113*y**2 + 39*y + 58. What are the prime factors of m(-4)?
2, 3, 5, 19
Suppose 3*f = -13 + 28. Suppose -4*m + f*m = 147. List the prime factors of m.
3, 7
Let f(i) = 179*i**2 - 501*i + 1. List the prime factors of f(8).
3, 13, 191
Let h = 123 + -16. Suppose 348 = 5*n - 3*k, -5*n = 5*k - 297 - 43. Let o = n + h. What are the prime factors of o?
2, 11
Suppose -524*r + 409*r + 1293175 = 0. List the prime factors of r.
5, 13, 173
List the prime factors of ((-21)/(-210)*5)/((-10)/(-12))*3725.
3, 5, 149
Let r(p) be the third derivative of p**5/4 - p**4/8 - p**3/2 - p**2. Let v = 1473 - 1470. What are the prime factors of r(v)?
3, 41
Let a(g) = -357*g - 184. What are the prime factors of a(-3)?
887
Let s be (-62)/(-22) - (-4)/22. Suppose -1376 = -4*f + 4*l, f - 2*l - 360 = s*l. Suppose 7*n = 3*n + f. What are the prime factors of n?
5, 17
Let n(i) = 1350*i**2 + 1258*i + 6271. What are the prime factors of n(-5)?
89, 379
List the prime factors of 1/(40/100 - 18218/45570).
3, 7, 31
Suppose 4525 = 17*m - 80832. List the prime factors of m.
5021
Let z = 64129 - -14573. What are the prime factors of z?
2, 3, 13, 1009
Suppose -4*s + s + 405 = 3*h, -4*s - 540 = -4*h. Suppose 3*a + 334 - 1132 = 0. Let v = a - h. List the prime factors of v.
131
Let a(u) = -u**2 - 8*u - 35. Let m be a(-7). What are the prime factors of -39*(2/(-8) + 133/m)?
3, 5, 13
Suppose -12*s = -2*s + 3320. Let x = 6 - s. List the prime factors of x.
2, 13
Suppose 2*c = -o - 9, -3*o - 4*c = -11 + 34. List the prime factors of ((-56)/o)/((-23)/(-690)).
2, 3, 7
Let f(h) = 4*h + 1. Let w be f(1). Suppose w*b - 43 = -28. Suppose -246 + 6 = -5*x - b*z, 3*x = 4*z + 144. What are the prime factors of x?
2, 3
Let v = 49 + -46. Suppose v*m - 7*m = -520. Suppose -5*o + 485 = m. List the prime factors of o.
71
Let w = 106041 + -71250. List the prime factors of w.
3, 11597
Let f = 31 - 16. Suppose 5*d = -5*r + f, -3*d = r - 0*r - 5. What are the prime factors of d/(-3) + ((-300)/(-9) - 0)?
3, 11
Suppose 9*k - 4 = 41. Suppose 3*j - 22 = -4*l, 3*l - 4*l + 14 = k*j. Suppose 0 = 4*t - 3*m - 716, j*t + 5*m = 268 + 90. List the prime factors of t.
179
What are the prime factors of (-17 + 21723/65)*(-255)/(-6)?
13, 17, 61
Let l = -3250 + 12111. List the prime factors of l.
8861
Suppose 5*u - 34 = -b, -5*u - 4*b + 25 = -21. Suppose -5*y = c - 384, -u*c + 3*c + 1191 = 2*y. What are the prime factors of c?
3, 7, 19
Let b(r) = 645*r + 2361. List the prime factors of b(9).
2, 3, 1361
Let r(s) = -561*s + 2053. What are the prime factors of r(-10)?
79, 97
Suppose 44*v - 51711 - 1084237 = 0. List the prime factors of v.
11, 2347
Let y(q) = 576*q**3 + 3*q**2 - q + 13. Let s be y(3). Suppose -56*h = -39*h - s. List the prime factors of h.
7, 131
Let m = -95498 - -159508. List the prime factors of m.
2, 5, 37, 173
Suppose -3 = o - 4*o. Let c be (-1)/o + -6 - (-9 - -10). List the prime factors of 7/(-35) - c/(-10) - -11.
2, 5
Let b(l) = 10*l + 3 - 12*l + 7*l**2 - l**2. Suppose -q + 0 = 3. List the prime factors of b(q).
3, 7
Suppose -986*t - 90 = -980*t. Let a(l) be the first derivative of l**4/4 + 13*l**3/3 - 16*l**2 + 19*l - 4. List the prime factors of a(t).
7
Suppose 0 = 3*h + 6, h - 3593 = -2*u - 593. What are the prime factors of u?
19, 79
Suppose -5*q + 12236 = 111*f - 112*f, -12252 = -5*q - 3*f. What are the prime factors of q?
2, 3, 17
Let g = -29 - -32. Suppose 8*r - 5*i - 700 = g*r, -3*i = -5*r + 696. What are the prime factors of r?
2, 3, 23
Let a = 4010 + -2268. Let v = a + -394. List the prime factors of v.
2, 337
Suppose 2*z + 0*v - 3*v = -3, 4 = z + 4*v. Let g be z + 13 + 1 + 10 + -12. Suppose -g = -d + 65. List the prime factors of d.
7, 11
Let n = 56 - 65. Let s(a) = a**3 + 8*a**2 - 9*a + 2. Let u be s(n). Suppose -c + u = -r - 4*c, r = -2*c + 2. What are the prime factors of r?
2, 5
Suppose -23*q = 5*c - 26*q - 645, 4*c - 533 = -q. What are the prime factors of c/308 - 8572/(-7)?
5, 7
List the prime factors of ((-183)/3 + 1)/(52/(-4992)).
2, 3, 5
Suppose 4*a + 4 + 0 = 2*h, 0 = -4*a + 12. Suppose -h*v = -221 - 467. List the prime factors of v.
2, 43
What are the prime factors of 2793/(-4)*(778/(-42) - (-62)/(-434))?
2, 7, 19
Let p = 11183 - 10400. List the prime factors of p.
3, 29
Let i(k) = -k**3 + 3*k**2 + 2. Let c be 10/2 - (-1 - -10). Let d be i(c). Suppose -4*o + m + 241 = o, 0 = 2*o + 4*m - d. What are the prime factors of o?
7
Suppose 3*o - 32 = -4*h, 4*o = 2*h - o + 10. Suppose 697 = h*j - 753. List the prime factors of j + (20/(-60))/((-1)/(-6)).
2, 3
Suppose -36*m = -84*m + 74*m - 553644. What are the prime factors of m?
2, 3, 7, 13
Suppose 5*k = -5*s - 183870, 2*s + 67055 = -3*k - 43270. What are the prime factors of 5/(425/(-10)) + k/(-51)?
7, 103
Suppose 2*q + 4*v = 26650, -24*q + 25*q + 3*v - 13329 = 0. What are the prime factors of q?
3, 23, 193
Let m = 57112 - 9448. List the prime factors of m.
2,